usands digit of 320681491?
1
What is the hundreds digit of 127413701?
7
What is the hundred thousands digit of 99887019?
8
What is the hundreds digit of 112410683?
6
What is the tens digit of 65929599?
9
What is the hundred millions digit of 1153606655?
1
What is the thousands digit of 149558616?
8
What is the units digit of 716079405?
5
What is the thousands digit of 33569057?
9
What is the ten thousands digit of 73884008?
8
What is the hundred millions digit of 1257915861?
2
What is the thousands digit of 2362759908?
9
What is the hundred thousands digit of 21065944?
0
What is the ten thousands digit of 18074574?
7
What is the thousands digit of 36045439?
5
What is the units digit of 79892772?
2
What is the thousands digit of 6885972003?
2
What is the hundred millions digit of 146187985?
1
What is the tens digit of 665730111?
1
What is the ten thousands digit of 70167031?
6
What is the millions digit of 13464856?
3
What is the tens digit of 3582888187?
8
What is the units digit of 4705423021?
1
What is the millions digit of 169120193?
9
What is the hundred thousands digit of 1961286203?
2
What is the millions digit of 2489588595?
9
What is the ten thousands digit of 1466200279?
0
What is the thousands digit of 48472778?
2
What is the units digit of 1957305080?
0
What is the thousands digit of 7339989431?
9
What is the units digit of 227643464?
4
What is the billions digit of 2780785718?
2
What is the billions digit of 3393032440?
3
What is the hundred millions digit of 116615099?
1
What is the hundreds digit of 411758890?
8
What is the ten millions digit of 14868652?
1
What is the thousands digit of 201437337?
7
What is the thousands digit of 1326286198?
6
What is the thousands digit of 882364965?
4
What is the units digit of 58588866?
6
What is the hundred thousands digit of 251306219?
3
What is the ten millions digit of 26304646?
2
What is the ten millions digit of 3020393849?
2
What is the hundreds digit of 1050549?
5
What is the ten thousands digit of 42668255?
6
What is the hundred thousands digit of 33040824?
0
What is the hundreds digit of 233174443?
4
What is the ten millions digit of 47562066?
4
What is the billions digit of 2577216745?
2
What is the thousands digit of 1414497005?
7
What is the hundred millions digit of 221353718?
2
What is the tens digit of 207948227?
2
What is the tens digit of 480114571?
7
What is the hundred millions digit of 4699174568?
6
What is the hundred thousands digit of 78446279?
4
What is the units digit of 25630225?
5
What is the units digit of 115909389?
9
What is the thousands digit of 39281296?
1
What is the ten thousands digit of 38219536?
1
What is the ten millions digit of 3844640200?
4
What is the hundred millions digit of 281519301?
2
What is the ten thousands digit of 837116154?
1
What is the units digit of 107603240?
0
What is the hundreds digit of 2942197701?
7
What is the units digit of 59851534?
4
What is the hundreds digit of 129037242?
2
What is the units digit of 311227310?
0
What is the thousands digit of 69637205?
7
What is the ten millions digit of 7405972448?
0
What is the ten millions digit of 705600750?
0
What is the millions digit of 2354259060?
4
What is the millions digit of 7216341552?
6
What is the hundred thousands digit of 20313453?
3
What is the thousands digit of 4335400383?
0
What is the hundreds digit of 3735218?
2
What is the ten thousands digit of 3979990931?
9
What is the ten millions digit of 759683940?
5
What is the hundreds digit of 1548496?
4
What is the units digit of 106430925?
5
What is the hundred millions digit of 334820846?
3
What is the hundred millions digit of 420402205?
4
What is the units digit of 53309757?
7
What is the tens digit of 108424193?
9
What is the hundred millions digit of 283875734?
2
What is the millions digit of 8957161561?
7
What is the ten millions digit of 56713172?
5
What is the ten millions digit of 415378736?
1
What is the ten millions digit of 435614655?
3
What is the millions digit of 564073181?
4
What is the hundreds digit of 22160231?
2
What is the millions digit of 117053154?
7
What is the units digit of 252319443?
3
What is the tens digit of 581303050?
5
What is the hundreds digit of 24427948?
9
What is the hundred millions digit of 1471090528?
4
What is the tens digit of 2308089590?
9
What is the units digit of 1403487845?
5
What is the ten millions digit of 106521605?
0
What is the tens digit of 1837506770?
7
What is the millions digit of 1261782729?
1
What is the units digit of 24910539?
9
What is the millions digit of 10489432?
0
What is the ten thousands digit of 350718366?
1
What is the units digit of 86769092?
2
What is the units digit of 278942556?
6
What is the millions digit of 200160783?
0
What is the hundred thousands digit of 3053939594?
9
What is the ten millions digit of 273708358?
7
What is the thousands digit of 4120787835?
7
What is the ten thousands digit of 1657392299?
9
What is the ten thousands digit of 221601604?
0
What is the thousands digit of 70595674?
5
What is the hundred millions digit of 310359041?
3
What is the hundred thousands digit of 93904543?
9
What is the millions digit of 335010110?
5
What is the ten millions digit of 445968670?
4
What is the millions digit of 98682972?
8
What is the hundred thousands digit of 1955154147?
1
What is the hundreds digit of 40246095?
0
What is the millions digit of 306077402?
6
What is the hundreds digit of 264108911?
9
What is the units digit of 2610329972?
2
What is the hundred millions digit of 187246358?
1
What is the ten millions digit of 2456446085?
5
What is the thousands digit of 132920793?
0
What is the millions digit of 125135715?
5
What is the millions digit of 1059886303?
9
What is the hundred millions digit of 2421905964?
4
What is the hundreds digit of 292215152?
1
What is the ten millions digit of 249760461?
4
What is the tens digit of 230857333?
3
What is the hundred millions digit of 698511856?
6
What is the hundreds digit of 421047158?
1
What is the ten thousands digit of 9168722?
6
What is the ten millions digit of 26650329?
2
What is the hundred millions digit of 362744546?
3
What is the thousands digit of 310512376?
2
What is the hundred thousands digit of 2056125655?
1
What is the ten millions digit of 2611287841?
1
What is the hundred thousands digit of 474523595?
5
What is the millions digit of 159970060?
9
What is the units digit of 346152018?
8
What is the hundreds digit of 24781020?
0
What is the millions digit of 256816034?
6
What is the hundred thousands digit of 410525448?
5
What is the thousands digit of 7475515899?
5
What is the ten thousands digit of 61144959?
4
What is the thousands digit of 1187551868?
1
What is the hundred thousands digit of 229380219?
3
What is the ten millions digit of 32699883?
3
What is the millions digit of 122105036?
2
What is the ten thousands digit of 1015979232?
7
What is the tens digit of 525223002?
0
What is the hundreds digit of 1290066540?
5
What is the ten thousands digit of 886571409?
7
What is the hundreds digit of 85112417?
4
What is the hundred thousands digit of 99415932?
4
What is the ten millions digit of 387067716?
8
What is the tens digit of 2719709385?
8
What is the billions digit of 1501302979?
1
What is the thousands digit of 43621511?
1
What is the hundreds digit of 1202128628?
6
What is the ten millions digit of 21764124?
2
What is the tens digit of 509119442?
4
What is the millions digit of 1862950559?
2
What is the thousands digit of 1777239513?
9
What is the thousands digit of 151509995?
9
What is the tens digit of 3994080622?
2
What is the tens digit of 5365580?
8
What is the hundreds digit of 685757505?
5
What is the tens digit of 2248278?
7
What is the millions digit of 1066701685?
6
What is the hundreds digit of 4619915939?
9
What is the ten millions digit of 1365927231?
6
What is the ten millions digit of 131174577?
3
What is the ten millions digit of 1523538298?
2
What is the millions digit of 41091623?
1
What is the hundreds digit of 2831370360?
3
What is the ten millions digit of 389708098?
8
What is the billions digit of 1233325035?
1
What is the hundreds digit of 182629554?
5
What is the units digit of 65142395?
5
What is the tens digit of 10548224?
2
What is th